6
Let y(d) = d**3 - 7*d. Determine y(3).
6
Let u(p) = -p**2 + p + 47. Give u(11).
-63
Let x(z) = -2*z**2 - z - 2. What is x(-2)?
-8
Let x(d) = d**2 + 14*d - 32. Calculate x(-16).
0
Let f(w) = 107*w - 646. What is f(6)?
-4
Let v(h) = -11*h**2 - 25*h + 3. What is v(-2)?
9
Let s(j) = -21*j - 52. Calculate s(-3).
11
Let w(j) = -j**3 + 3*j**2 + j + 7. Calculate w(5).
-38
Let v(z) = 9*z + 67. Give v(-7).
4
Let z(v) = v**2 + v + 2. Determine z(-3).
8
Let h(m) = m**2 - 15*m - 28. Calculate h(11).
-72
Let d(y) = -y**2 - 12*y + 6. Determine d(-13).
-7
Let m(z) = 11*z**2. Give m(-1).
11
Let d(q) = -2*q**2 - q. What is d(1)?
-3
Let p(o) = o**2 + 23*o + 7. What is p(-18)?
-83
Let a(x) = -4*x**2 - 4*x + 17. Calculate a(-6).
-103
Let o(h) = -9*h + 9. What is o(1)?
0
Let x(q) = q**2 + 24*q - 40. What is x(-25)?
-15
Let d(u) = -u**2 + 11*u - 26. What is d(9)?
-8
Let b(u) = u**3 - 6*u**2 + 7*u + 19. Give b(7).
117
Let v(q) = -7*q + 1. Calculate v(-2).
15
Let u(v) = -3*v + 7. Give u(-7).
28
Let g(c) = 4*c**2 + 38*c + 11. Give g(-11).
77
Let s(l) = -3*l**2 - 5*l - 1. Calculate s(-5).
-51
Let u(x) = 2*x**3 + x**2 - 2*x - 1. Determine u(-2).
-9
Let j(x) = -2*x**2 + 4*x - 4. What is j(2)?
-4
Let q(r) = -r**3 - r**2 - 35. Determine q(0).
-35
Let n(b) = 2*b**2 + 4*b + 7. Determine n(4).
55
Let c(q) = -14*q**2 - q - 6. Calculate c(2).
-64
Let m(z) = -3*z - 2. Calculate m(0).
-2
Let w(h) = -h + 7. Give w(-6).
13
Let i(h) = -h**3 - 16*h**2 - 2*h - 18. Determine i(-16).
14
Let m(a) = 55*a + 16. Determine m(2).
126
Let r(z) = -z**2 + 6*z - 6. Calculate r(6).
-6
Let p(c) = c**3 - 12*c**2 - 12*c - 5. What is p(13)?
8
Let m(t) = t**3 - 4*t**2 + 7*t - 4. Calculate m(3).
8
Let w(o) = -o**3 - 5*o**2 + 13*o + 46. Determine w(-6).
4
Let u(j) = 11*j**3 + 2*j**2 + 2*j + 1. Calculate u(-1).
-10
Let p(h) = h**2 + 34*h + 264. Calculate p(-22).
0
Let q(p) = p**3 + p**2 - 4*p - 3. Calculate q(-3).
-9
Let x(s) = -3*s**3 - 4*s**2 - 4*s - 1. Determine x(-2).
15
Let j(a) = 11*a**2 + 2*a + 2. Determine j(-3).
95
Let i(x) = 2*x**2 - 28*x - 22. What is i(14)?
-22
Let i(o) = 32*o - 342. What is i(11)?
10
Let i(y) = 2*y**3 - 99*y**2 - 50*y - 7. What is i(50)?
-7
Let g(k) = -k**3 - 6*k**2 + 78*k + 74. What is g(-12)?
2
Let v(c) = -11*c + 8. Calculate v(1).
-3
Let i(f) = -f**3 + 40*f**2 - 41*f + 60. What is i(39)?
-18
Let g(o) = -2*o**2 - 10*o + 5. What is g(-5)?
5
Let h(z) = -z**3 + 8*z**2 - 2*z - 12. Give h(5).
53
Let f(h) = -2*h**2 - 5*h + 18. Calculate f(-5).
-7
Let q(l) = -l**3 + 10*l**2 + 9*l + 7. Calculate q(11).
-15
Let l(h) = 3*h - 20. Calculate l(6).
-2
Let c(u) = -u**2 + 7*u - 14. Give c(2).
-4
Let t(w) = w**2 + 9*w + 9. Give t(-2).
-5
Let g(l) = -2*l**2 - 29*l + 5. Determine g(-15).
-10
Let l(z) = -6*z**3 + 2*z**2 + 4*z + 4. What is l(-2)?
52
Let p(i) = i**2 - 30*i + 156. What is p(23)?
-5
Let w(r) = -r**2 + 7*r + 67. Give w(-5).
7
Let s(y) = y**2 - 16*y + 21. Determine s(15).
6
Let g(c) = c**2 - 9*c - 38. Calculate g(12).
-2
Let n(d) = -d**3 - 11*d**2 - 16*d + 72. Give n(-8).
8
Let i(u) = -4*u**2 + 69*u + 215. Calculate i(20).
-5
Let q(m) = m**3 + 11*m**2 + 7*m - 4. Calculate q(-10).
26
Let g(p) = p**2 - 10*p + 15. Determine g(11).
26
Let s(l) = 24*l + 356. Calculate s(-15).
-4
Let y(b) = -42*b - 590. What is y(-14)?
-2
Let j(p) = -p - 29. Calculate j(0).
-29
Let n(z) = 3*z + 46. Determine n(-16).
-2
Let k(g) = -2*g + 15. Calculate k(10).
-5
Let v(l) = -l**2 + 39*l - 168. Calculate v(33).
30
Let d(r) = -4*r + 52. Give d(0).
52
Let k(c) = c**2 - 21*c + 5. Calculate k(22).
27
Let s(g) = g**3 - 9*g**2 + 2*g + 11. What is s(8)?
-37
Let p(v) = -v**3 + 16*v**2 + 15*v + 28. Calculate p(17).
-6
Let q(s) = 2*s**2 + 3*s + 15. Determine q(-4).
35
Let b(u) = 2*u**3 - 22*u**2 + 13*u - 32. Give b(11).
111
Let k(c) = -c**2 + 10*c + 1. Give k(7).
22
Let r(j) = 3*j - 20. Calculate r(-8).
-44
Let a(y) = -y**2 - 15*y - 12. Determine a(-11).
32
Let j(w) = w**3 + 46*w**2 + 169*w + 50. What is j(-42)?
8
Let o(i) = i**3 + i**2 - 3*i. Calculate o(-2).
2
Let g(u) = u**2 + 8*u - 5. What is g(-9)?
4
Let a(f) = f**2 - 3*f - 78. Give a(-8).
10
Let g(z) = -z**3 - 39*z**2 - 40*z - 72. Calculate g(-38).
4
Let p(n) = 6*n**3 - 3*n + 2. Give p(1).
5
Let o(c) = -c**3 - 39*c**2 + 42*c + 73. Determine o(-40).
-7
Let i(x) = 25*x + 234. Give i(-9).
9
Let c(a) = -a**2 - 10*a - 26. Determine c(-3).
-5
Let y(s) = -s**2 - s + 26. Determine y(4).
6
Let z(c) = c**2 - 13*c - 17. Give z(12).
-29
Let j(n) = 2*n - 1. Calculate j(-3).
-7
Let b(p) = p**3 + 18*p**2 - 18*p + 17. Calculate b(-19).
-2
Let a(g) = -g**3 + g**2 + 4*g + 2. Give a(-3).
26
Let k(i) = -16*i**3 - 3*i**2 + 3*i + 4. What is k(-1)?
14
Let p(o) = o**2 - 6*o - 1. Determine p(4).
-9
Let r(u) = 33*u**3 + u**2 + 2*u + 2. Determine r(-1).
-32
Let y(f) = f**3 - 11*f**2 + 18*f - 22. Calculate y(9).
-22
Let f(l) = 24*l - 3. Determine f(2).
45
Let a(x) = x + 39. Give a(-16).
23
Let m(p) = p**3 + p**2 + p - 7. Calculate m(0).
-7
Let w(t) = -t**3 + 2*t**2 + 4*t - 1. Calculate w(-2).
7
Let d(w) = 26*w + 2. What is d(1)?
28
Let w(o) = o**3 + 9*o**2 + 9*o + 7. Calculate w(-8).
-1
Let h(p) = -p**2 + 9*p - 22. What is h(5)?
-2
Let w(d) = -12*d**2 + 9*d - 4. Determine w(2).
-34
Let g(p) = -9*p**2 + 42*p - 11. Give g(4).
13
Let a(h) = -7*h - 15. Calculate a(-6).
27
Let i(z) = 3*z + 6. Calculate i(-8).
-18
Let r(t) = 2*t + 37. Calculate r(-19).
-1
Let h(i) = i**2 - 3*i - 10. Give h(5).
0
Let f(p) = -p**2 - 71*p - 504. Calculate f(-8).
0
Let w(s) = s**3 + s - 14. Calculate w(0).
-14
Let w(v) = v**2 + 4*v - 170. What is w(-15)?
-5
Let p(a) = 44*a**3 + 1. Determine p(-1).
-43
Let v(d) = d**2 - 36*d + 94. Calculate v(33).
-5
Let x(c) = 2*c**3 - 23*c**2 + 10*c + 2. Give x(11).
-9
Let g(a) = -a**2 + 5*a - 11. Give g(0).
-11
Let m(c) = -14*c**2 + c + 1. What is m(1)?
-12
Let h(t) = 10*t**2 - 2*t. Give h(3).
84
Let v(z) = z**3 - 3*z**2 - 11*z + 9. Determine v(4).
-19
Let m(a) = -10*a**2 + 2*a - 4. What is m(-3)?
-100
Let t(s) = -22*s + 1. Give t(-1).
23
Let v(o) = -2*o**2 + 5*o - 2. Give v(3).
-5
Let h(w) = 5*w**3 + 2*w**2 - 17*w - 20. What is h(-1)?
-6
Let q(d) = -d**3 - 6*d**2 - 7*d - 3. What is q(-5)?
7
Let z(x) = x**2 - 16*x + 16. Calculate z(12).
-32
Let d(f) = -f**3 + 15*f**2 + 16*f + 52. Give d(16).
52
Let w(v) = v**3 - 20*v**2 + 19*v - 23. Determine w(19).
-23
Let n(l) = -l**3 - 2*l**2 - l - 4. Calculate n(-2).
-2
Let n(d) = -d**3 - 20*d**2 + 48*d + 92. Calculate n(-22).
4
Let k(r) = 12*r - 197. What is k(17)?
7
Let k(s) = 10*s + 505. Determine k(-50).
5
Let i(d) = -d**3 - 8*d**2 - d - 17. Calculate i(-8).
-9
Let t(u) = -u**3 - u**2 + 10. Calculate t(0).
10
Let x(n) = -4*n**3 + 4*n**2 - 1. Give x(1).
-1
Let u(l) = -11*l - 124. Calculate u(-10).
-14
Let f(s) = -s**2 + 4*s - 4. Give f(5).
-9
Let o(d) = 7*d**2 - 57*d + 17. Calculate o(8).
9
Let s(z) = 14*z**2 + 90*z + 4. Give s(-6).
-32
Let v(j) = 74*j - 2. Calculate v(-1).
-76
Let y(c) = -c**2 - 23*c + 3. Give y(-23).
3
Let l(w) = w**2 + 27*w + 44. Determine l(-25).
-6
Let f(h) = h. What is f(1)?
1
Let n(l) = l - 9. Give n(0).
-9
Let g(p) = p**2 - 11*p + 13. Give g(9).
-5
Let s(b) = 4*b - 29. Give s(4).
-13
Let y(p) = p**3 - 15*p**2 + 24*p + 31. Determine y(13).
5
Let o(j) = 5*j**2 - 18*j - 9. Calculate o(7).
110
Let v(n) = 2*n**3 - 15*n**2 + 4*n + 5. Give v(7).
-16
Let d(h) = h**3 + 6*h**2 - 6*h - 4. Determine d(-7).
-11
Let z(f) = -f**2 - 10*f + 3. Give z(-6).
27
Let q(y) = 3*y - 8. Determine q(5).
7
Let q(c) = -2*c**3 - 3*c**2 + 3*c + 1. Calculate q(2).
-21
Let m(j) = -7*j - 64. Give m(-10).
6
Let m(u) = 17*u + 55. Give m(-4).
-13
Let v(n) = 9*n + 3. Give v(-8).
-69
Let w(y) = -y**3 - 9*y**2 + 5*y + 10. Determine w(-9).
-35
Let k(i) = -2*i**2 + 3*i + 6. What is k(-7)?
-113
Let y(f) = 11*f + 18. Calculate y(-7).
-59
Let u(n) = -n**2 - 3*n - 3. Give u(3).
-21
Let o(a) = a**3 + 2*a**2 + 3*a + 3. Give o(-3).
-15
Let b(k) = k**2 + 9*k + 12. Give b(-9).
12
Let o(i) = -2*i**2 - 9*i + 36. Calculate o(3).
-9
Let t(o) = o**2 + 4*o - 6. Calculate t(7).
71
Let l(f) = -37*f**3 - 2*f**2 - 3*f - 1. What is l(-1)?
37
Let s(q) = 2*q**2 - 25*q + 17. What is s(12)?
5
Let p(w) = 27*w + 114. Determine p(-4).
6
Let z(g) = -2*g + 36. Give z(14).
8
Let u(r) = 4*r - 3. Determine u(-1).
-7
Let x(u) = -10*u - 11. Determine x(6).
-71
Let g(y) = -5*y**2 + y + 